digit of 665?
5
What is the units digit of 10365?
5
What is the units digit of 27291?
1
What is the tens digit of 421?
2
What is the thousands digit of 10374?
0
What is the hundred thousands digit of 132568?
1
What is the thousands digit of 89487?
9
What is the hundreds digit of 489?
4
What is the tens digit of 106?
0
What is the tens digit of 16822?
2
What is the thousands digit of 2059?
2
What is the thousands digit of 6800?
6
What is the thousands digit of 4854?
4
What is the units digit of 245?
5
What is the tens digit of 154?
5
What is the hundreds digit of 52505?
5
What is the thousands digit of 2126?
2
What is the thousands digit of 5386?
5
What is the tens digit of 52055?
5
What is the ten thousands digit of 64403?
6
What is the ten thousands digit of 31167?
3
What is the hundreds digit of 48120?
1
What is the hundreds digit of 6215?
2
What is the hundreds digit of 8051?
0
What is the units digit of 1555?
5
What is the hundreds digit of 8929?
9
What is the thousands digit of 65225?
5
What is the hundreds digit of 8061?
0
What is the units digit of 13144?
4
What is the hundreds digit of 38260?
2
What is the thousands digit of 7479?
7
What is the tens digit of 285?
8
What is the thousands digit of 37253?
7
What is the units digit of 3863?
3
What is the thousands digit of 12020?
2
What is the tens digit of 17447?
4
What is the hundreds digit of 1653?
6
What is the units digit of 10675?
5
What is the tens digit of 1188?
8
What is the thousands digit of 115803?
5
What is the ten thousands digit of 11097?
1
What is the hundreds digit of 12724?
7
What is the thousands digit of 115177?
5
What is the units digit of 11144?
4
What is the tens digit of 2444?
4
What is the tens digit of 1167?
6
What is the hundreds digit of 1269?
2
What is the hundreds digit of 24963?
9
What is the thousands digit of 3366?
3
What is the thousands digit of 4771?
4
What is the units digit of 872?
2
What is the units digit of 503?
3
What is the hundreds digit of 1626?
6
What is the hundreds digit of 117?
1
What is the hundreds digit of 1133?
1
What is the units digit of 6168?
8
What is the thousands digit of 33145?
3
What is the thousands digit of 41102?
1
What is the thousands digit of 1106?
1
What is the units digit of 681?
1
What is the ten thousands digit of 10822?
1
What is the thousands digit of 1531?
1
What is the thousands digit of 4346?
4
What is the units digit of 21?
1
What is the thousands digit of 62694?
2
What is the hundreds digit of 16911?
9
What is the units digit of 1438?
8
What is the units digit of 2267?
7
What is the tens digit of 31994?
9
What is the hundreds digit of 464?
4
What is the tens digit of 81931?
3
What is the thousands digit of 1160?
1
What is the tens digit of 670?
7
What is the thousands digit of 6761?
6
What is the hundreds digit of 8476?
4
What is the hundreds digit of 10081?
0
What is the thousands digit of 28251?
8
What is the units digit of 23301?
1
What is the thousands digit of 3114?
3
What is the hundreds digit of 1887?
8
What is the tens digit of 159?
5
What is the hundreds digit of 9552?
5
What is the tens digit of 508?
0
What is the units digit of 521?
1
What is the hundreds digit of 10447?
4
What is the hundreds digit of 1984?
9
What is the units digit of 1374?
4
What is the tens digit of 217?
1
What is the tens digit of 1560?
6
What is the ten thousands digit of 21318?
2
What is the thousands digit of 19427?
9
What is the tens digit of 337?
3
What is the tens digit of 1342?
4
What is the units digit of 21846?
6
What is the thousands digit of 93235?
3
What is the hundreds digit of 1482?
4
What is the tens digit of 505?
0
What is the units digit of 3328?
8
What is the thousands digit of 3222?
3
What is the tens digit of 61450?
5
What is the tens digit of 422?
2
What is the tens digit of 59026?
2
What is the tens digit of 510?
1
What is the ten thousands digit of 12891?
1
What is the units digit of 9100?
0
What is the units digit of 874?
4
What is the units digit of 858?
8
What is the units digit of 63850?
0
What is the tens digit of 165?
6
What is the hundreds digit of 128771?
7
What is the units digit of 20548?
8
What is the units digit of 178416?
6
What is the hundreds digit of 32995?
9
What is the hundreds digit of 1435?
4
What is the units digit of 514?
4
What is the hundreds digit of 6449?
4
What is the ten thousands digit of 16767?
1
What is the tens digit of 3067?
6
What is the units digit of 1003?
3
What is the ten thousands digit of 64733?
6
What is the tens digit of 88849?
4
What is the hundreds digit of 3157?
1
What is the ten thousands digit of 56263?
5
What is the tens digit of 662?
6
What is the thousands digit of 18466?
8
What is the hundreds digit of 6714?
7
What is the thousands digit of 6026?
6
What is the thousands digit of 2021?
2
What is the thousands digit of 12111?
2
What is the thousands digit of 24004?
4
What is the units digit of 5985?
5
What is the ten thousands digit of 51813?
5
What is the thousands digit of 60626?
0
What is the tens digit of 11437?
3
What is the ten thousands digit of 29113?
2
What is the hundreds digit of 1894?
8
What is the ten thousands digit of 44702?
4
What is the units digit of 2042?
2
What is the hundreds digit of 78955?
9
What is the hundreds digit of 2063?
0
What is the units digit of 1296?
6
What is the tens digit of 107126?
2
What is the ten thousands digit of 19345?
1
What is the units digit of 1917?
7
What is the units digit of 4652?
2
What is the units digit of 5484?
4
What is the tens digit of 796?
9
What is the units digit of 4951?
1
What is the hundreds digit of 28935?
9
What is the units digit of 15652?
2
What is the hundreds digit of 10547?
5
What is the units digit of 4963?
3
What is the ten thousands digit of 50268?
5
What is the hundreds digit of 139688?
6
What is the thousands digit of 8138?
8
What is the tens digit of 2331?
3
What is the thousands digit of 31103?
1
What is the units digit of 120?
0
What is the hundreds digit of 2542?
5
What is the tens digit of 3680?
8
What is the thousands digit of 72943?
2
What is the units digit of 13674?
4
What is the hundreds digit of 302?
3
What is the thousands digit of 35359?
5
What is the units digit of 8134?
4
What is the thousands digit of 13335?
3
What is the hundreds digit of 32524?
5
What is the hundreds digit of 793?
7
What is the thousands digit of 4246?
4
What is the tens digit of 28774?
7
What is the hundreds digit of 68162?
1
What is the thousands digit of 12435?
2
What is the tens digit of 49159?
5
What is the units digit of 7883?
3
What is the thousands digit of 2759?
2
What is the tens digit of 85200?
0
What is the tens digit of 849?
4
What is the hundreds digit of 1216?
2
What is the tens digit of 82631?
3
What is the units digit of 2989?
9
What is the hundreds digit of 12947?
9
What is the tens digit of 94976?
7
What is the tens digit of 9401?
0
What is the hundreds digit of 74475?
4
What is the units digit of 1030?
0
What is the thousands digit of 5950?
5
What is the units digit of 3172?
2
What is the thousands digit of 20020?
0
What is the tens digit of 10257?
5
What is the hundreds digit of 7727?
7
What is the hundreds digit of 908?
9
What is the units digit of 3653?
3
What is the thousands digit of 12558?
2
What is the thousands digit of 2086?
2
What is the tens digit of 1393?
9
What is the units digit of 263?
3
What is the thousands digit of 1123?
1
What is the units digit of 24706?
6
What is the tens digit of 1875?
7
What is the units digit of 30867?
7
What is the tens digit of 7863?
6
What is the tens digit of 784?
8
What is the tens digit of 7772?
7
What is the units digit of 100819?
9
What is the tens digit of 32462?
6
What is the units digit of 1325?
5
What is the ten thousands digit of 88263?
8
What is the thousands digit of 51810?
1
What is the thousands digit of 4918?
4
What is the tens digit of 2772?
7
What is the tens digit of 1591?
9
What is the tens digit of 34320?
2
What is the units digit of 76?
6
What is the hundreds digit of 7663?
6
What is the tens digit of 151695?
9
What is the tens digit of 3941?
4
What is the units digit of 46065?
5
What is the units digit of 14435?
5
What is the thousands digit of 43798?
3
What is the ten thousands digit of 46088?
4
What is the hun